g*d - 100 = -34. What are the prime factors of d?
2, 11
Let q = -162 - -217. Let i = 167 + q. What are the prime factors of i?
2, 3, 37
Let q be (1 + 23)/(3 - 1). Suppose h + 2*p - 3 = 3, -q = -h - 5*p. Suppose -w + 3*x = -54, -h*w + 7*x - 2*x + 108 = 0. List the prime factors of w.
2, 3
Let j be -4 + 21 + 3/(-3) + 3. Suppose 14*g - j = 205. What are the prime factors of g?
2
Suppose -2*f + b = -6, -f + 14 = 3*f - b. Suppose -f*x = -k + 6*k - 21, -4*k = 2*x - 12. Suppose w = x*w - 87. List the prime factors of w.
29
Suppose 3*n = 8*n. Suppose -x - 18 = -l, 3*x = -n*x. List the prime factors of l.
2, 3
Suppose 0 = 6*k - 8*k + 1428. List the prime factors of k.
2, 3, 7, 17
Suppose 11*c - 1251 = 2*c. Let h = c - 78. List the prime factors of h.
61
Let g(i) = 202*i**2 - 24*i + 4. List the prime factors of g(2).
2, 191
Let j = -2 - -7. Let h(k) be the second derivative of k**4/12 + k**3/3 - k**2/2 + 6*k. What are the prime factors of h(j)?
2, 17
Suppose 6*d - 30 = d - 5*v, v + 4 = d. Suppose -2*r + d*s + 41 = -4, -3*r = 2*s - 58. Suppose -4*b + 52 = -r. List the prime factors of b.
2, 3
Suppose -2*d = -193 - 211. List the prime factors of d.
2, 101
Let n(k) = -28*k + 22. What are the prime factors of n(-14)?
2, 3, 23
Suppose -2*y = -y - 69. Let u be 6*5/(10/y). Suppose 5*i = 8*i - u. What are the prime factors of i?
3, 23
Let a(h) = -19*h**3 + 3*h**2 + 4*h. List the prime factors of a(-3).
2, 3, 11
Suppose -11*v + 40 = -7*v. Let z = v - 10. Suppose -13 = -a + 5*m - 0*m, z = -2*a - 4*m + 26. List the prime factors of a.
13
Let i be 99*1 - (-15)/5. Let v be i/12 - 2/4. List the prime factors of (-472)/(-12)*12/v.
59
Let b(a) = a**3 + 10*a**2 - a - 19. Let k be b(-9). Suppose 2*o - 73 - k = 0. What are the prime factors of o?
2, 3
Let i(t) = 3*t - 7. Let w be i(4). Suppose -a - 5*y - 4 = -5, 25 = -w*y. List the prime factors of a.
2, 13
Let b(z) = 7*z**2 + 2*z - 12. What are the prime factors of b(8)?
2, 113
Let d(x) = 8*x**2 - 23*x - 8. List the prime factors of d(-5).
307
Suppose 0 = 4*q - 6*q. Suppose o + 458 = 5*j, q*o + 176 = 2*j - 4*o. List the prime factors of j.
2, 23
Suppose -17*c = -21*c + j + 3738, -2*j - 1866 = -2*c. What are the prime factors of c?
5, 11, 17
Suppose -2*l = -4*m + 30, 0 = 2*m - 3*m + 3*l + 20. Let g be 73 - (m + -1)/4. Suppose -5*h + 53 = -g. List the prime factors of h.
5
Let x be 1124/36 - (-2)/(-9). Suppose 4*l + 0*z - x = 3*z, -4*l - 4*z = -52. Suppose 4*b - l*b + 162 = 0. What are the prime factors of b?
3
Suppose -3*l - d - 40 = 0, -2*l - 3*d - 72 = 3*l. Let v = l + 14. Suppose v = -0*m + m. What are the prime factors of m?
2
Suppose -6 = 2*a + 4*p, 2*a + 2*p - 5*p + 6 = 0. What are the prime factors of 76/2 + -2*a/2?
41
Let l(f) = 4*f**2 + 11*f - 12. Let i be l(-9). Let o = i + -83. List the prime factors of o.
2, 5, 13
List the prime factors of ((-439)/4)/(15/(-60)).
439
What are the prime factors of (-676)/6*(-24)/16?
13
Let g(r) = r**2 + 6*r - 2. Suppose -t + 0*t = 7. Let h be g(t). Suppose -3*o + 10 + h = 5*u, o = 4*u + 22. What are the prime factors of o?
2, 5
Suppose 4*f = 15 + 13. What are the prime factors of (-458)/(-14) - (-2)/f?
3, 11
Let p = -18 - -21. Suppose -363 = p*m - s, 375 + 111 = -4*m + 2*s. List the prime factors of ((-4)/5)/(16/m).
2, 3
Suppose 3*w + 2496 = 11*w. List the prime factors of w.
2, 3, 13
Let u(f) = f**3 - 14*f**2 + 20*f - 20. Let v(w) = -10*w + 14. Let p be v(0). List the prime factors of u(p).
2, 5, 13
Let s be 15/(-2)*(-4 + 0/(-2)). Suppose 0 = 7*c - s - 5. List the prime factors of c.
5
Let x(h) = -147*h + 3216. What are the prime factors of x(0)?
2, 3, 67
Let j(a) be the second derivative of a**5/20 + a**4 + 5*a**3/2 - 13*a. Let o be (3/1 + -13)*1. What are the prime factors of j(o)?
2, 5
Suppose 24*y - 28*y = -40. Suppose -y*i + 498 = -432. What are the prime factors of i?
3, 31
Let y = -119 - -69. List the prime factors of (-9780)/y + (-9)/15.
3, 5, 13
Let s be 1*(-1 + 2 - -4). Suppose s*a = 216 + 64. What are the prime factors of a?
2, 7
Suppose 964 = 5*n + 4*a, 9*a = -2*n + 10*a + 396. List the prime factors of n.
2, 7
Let j(u) = u + 3. Let l be j(-6). Let g(n) be the second derivative of n**4/12 - n**3/3 - n**2 - 83*n. What are the prime factors of g(l)?
13
Suppose n + 0*n = -1. Let a(o) = o - 1. Let p be a(n). What are the prime factors of p/3 - (-47)/3?
3, 5
Suppose 4*f + 59 = -2*m - 31, -3*m = 3*f + 75. Let v(j) = j**3 + 21*j**2 + 14*j - 27. What are the prime factors of v(f)?
3, 31
Let u be (-1 - 2)*2/(-3). Suppose -15 = u*s + s. List the prime factors of 46/12 - s/30.
2
Let i = 25 - 12. Let o = 23 - i. List the prime factors of 45/o*(-16)/(-6).
2, 3
Let g = 45 - 6. Let a(n) = g - 3*n - n - 44 - 2*n. List the prime factors of a(-4).
19
What are the prime factors of ((-879)/(-6))/(1/(-5 + 15))?
5, 293
Suppose 0 = 7*g - 25 - 10. Let q(y) = y**3 + 3*y**2 - 2*y + 16. List the prime factors of q(g).
2, 103
Suppose 2*s - 3*u - 2513 = 0, 0 = s - 2*s - 2*u + 1239. List the prime factors of s.
1249
Let n be (-2)/(-4)*(58 - 6). Suppose -69 = 23*x - n*x. What are the prime factors of x?
23
Suppose 4*r - 192 = 2*y, -143 = -3*r + 3*y - y. Let l = 269 - r. List the prime factors of l.
2, 5, 11
What are the prime factors of 0*(-12)/(-72) + 662?
2, 331
Suppose 0 = -2*r + 6*r - 1068. List the prime factors of r.
3, 89
List the prime factors of -381*(9/(-3) - -2).
3, 127
Let m(o) be the third derivative of o**6/120 - 7*o**5/20 - 3*o**4/4 - 17*o**3/6 + 36*o**2. List the prime factors of m(22).
71
Let n(d) = -5*d**2 - 4*d + 3*d + 67 + 4*d**2. List the prime factors of n(0).
67
Let v(y) = -y**3 - y**2 - 3*y + 3. Let f be v(2). List the prime factors of 61*3*(-5)/f.
61
Suppose -171 = -4*o + 229. Suppose 0 = 3*q - 2*q - 50. Suppose -3*t + o = -q. What are the prime factors of t?
2, 5
Suppose d = -4*d. Let a be (d - -15)/(6/16). Let u = -21 + a. What are the prime factors of u?
19
What are the prime factors of 1/2*(525 + 1)?
263
Suppose 4*i + i + 4*k + 6 = 0, 4*k + 20 = 2*i. Suppose z = -i*z + 207. List the prime factors of z.
3, 23
Let i(f) = -446*f**3 + 3*f**2 + 12*f + 10. What are the prime factors of i(-1)?
3, 149
What are the prime factors of 971/3 - (-21)/63?
2, 3
Let k(t) = t**3 + 10*t**2 + 7*t - 11. Let o be k(-9). Suppose -o = c - 3*z, -c + 5*z - 6 = -5*c. List the prime factors of 22 + (-3 - -1) + c.
19
Let u = 7 - 1. Let k = u - 1. Suppose -h - k*r = -24, -3*r + 31 + 3 = h. What are the prime factors of h?
7
Let z(u) = -3 - 10*u + 6*u**2 - 14*u**2 - 13 - u**3. Let y(f) = f**3 + 25*f**2 - 2*f - 57. Let r be y(-25). What are the prime factors of z(r)?
5
Let k = -8 - -12. What are the prime factors of 17*3/(12/k)?
17
Let c be (3 + -2)/(1*-1)*-75. What are the prime factors of c - (1 + -4) - -1?
79
Let u = 163 - 20. Suppose -5*s + u = 2*p + p, 4*s - 139 = -3*p. List the prime factors of p.
41
What are the prime factors of (5/(-3))/(24/(-11448))?
3, 5, 53
Suppose -22*d = -24*d + 2*b + 3506, 1763 = d + b. List the prime factors of d.
2, 3, 293
Let i be 40/(-180) - 56/(-9). Let f(z) = 10*z + 10. What are the prime factors of f(i)?
2, 5, 7
Let n(d) = 55*d**3 + 3*d**2 - 5*d + 5. Let x(h) = -18*h**3 - h**2 + 2*h - 2. Let g(o) = -4*n(o) - 11*x(o). List the prime factors of g(-2).
2, 89
Let v = 276 + 14. Let h be v/18 + 2/(-18). Suppose -h*u - 128 = -18*u. List the prime factors of u.
2
Let u(v) = -v**3 - v + 11. Let h be u(0). Suppose 2*f = 43 + h. Let t = 24 + f. What are the prime factors of t?
3, 17
Let y(f) = 2*f**2 + 8*f + 21. What are the prime factors of y(-11)?
5, 7
Let u(x) = 3*x + 4. Let h be u(-6). Let t = h + 6. List the prime factors of (48/(-14))/(t/84).
2, 3
Suppose -3*j - 438 = -6*j. Suppose -c + 392 = j. What are the prime factors of c?
2, 3, 41
Let u(a) = a**3 + 4 + 6*a**2 + 3 - 2 - 3 + 3*a. Let v = 10 - 14. What are the prime factors of u(v)?
2, 11
Let g be 1258/6 + 2/(-3). Let k = 296 - g. What are the prime factors of k?
3, 29
Let c(s) be the third derivative of s**6/120 - s**5/12 + 11*s**4/24 + 7*s**3/6 - 19*s**2. What are the prime factors of c(5)?
2, 31
Let l = -420 - -1359. What are the prime factors of l?
3, 313
Let v = 336 + 303. Suppose 0 = -4*i - 12, -5*i + 7*i = 3*q - v. List the prime factors of q.
211
Let h be -1 - -1*(-2)/(-2). Suppose h = -0*i + 3*i - 15